{"id":2,"date":"2007-08-14T05:11:21","date_gmt":"2007-08-14T03:11:21","guid":{"rendered":""},"modified":"2007-08-14T05:11:21","modified_gmt":"2007-08-14T03:11:21","slug":"A propos","status":"publish","type":"page","link":"https:\/\/ravaut.fr\/?page_id=2","title":{"rendered":"A propos"},"content":{"rendered":"<p>Voici \u00e0 titre d&#8217;exemple une page de votre blog 1&#038;1. Vous pouvez la modifier pour mettre ici des informations vous concernant ou concernant votre site afin que vos lecteurs en sachent un peu plus sur vous. Vous pouvez cr\u00e9er autant de pages ou sous-pages que vous le souhaitez et g\u00e9rer l&#8217;int\u00e9gralit\u00e9 de votre contenu \u00e0 partir de l&rsquo;interface de gestion de votre blog.<\/p>\n","protected":false},"excerpt":{"rendered":"<p>Voici \u00e0 titre d&#8217;exemple une page de votre blog 1&#038;1. Vous pouvez la modifier pour mettre ici des informations vous concernant ou concernant votre site afin que vos lecteurs en sachent un peu plus sur vous. Vous pouvez cr\u00e9er autant &hellip; <a href=\"https:\/\/ravaut.fr\/?page_id=2\">Continuer la lecture <span class=\"meta-nav\">&rarr;<\/span><\/a><\/p>\n","protected":false},"author":1,"featured_media":0,"parent":0,"menu_order":0,"comment_status":"open","ping_status":"open","template":"","meta":{"footnotes":""},"class_list":["post-2","page","type-page","status-publish","hentry"],"_links":{"self":[{"href":"https:\/\/ravaut.fr\/index.php?rest_route=\/wp\/v2\/pages\/2","targetHints":{"allow":["GET"]}}],"collection":[{"href":"https:\/\/ravaut.fr\/index.php?rest_route=\/wp\/v2\/pages"}],"about":[{"href":"https:\/\/ravaut.fr\/index.php?rest_route=\/wp\/v2\/types\/page"}],"author":[{"embeddable":true,"href":"https:\/\/ravaut.fr\/index.php?rest_route=\/wp\/v2\/users\/1"}],"replies":[{"embeddable":true,"href":"https:\/\/ravaut.fr\/index.php?rest_route=%2Fwp%2Fv2%2Fcomments&post=2"}],"version-history":[{"count":0,"href":"https:\/\/ravaut.fr\/index.php?rest_route=\/wp\/v2\/pages\/2\/revisions"}],"wp:attachment":[{"href":"https:\/\/ravaut.fr\/index.php?rest_route=%2Fwp%2Fv2%2Fmedia&parent=2"}],"curies":[{"name":"wp","href":"https:\/\/api.w.org\/{rel}","templated":true}]}}